*2 - 21*a - 17. Let f be v(-9). What is the greatest common divisor of f and 2?
2
Suppose 0 = -4*m + u + 21 + 30, 0 = 3*u + 9. What is the greatest common divisor of 108 and m?
12
Let y = 12 - -18. What is the highest common factor of 6 and y?
6
Let b = -66 + 104. Let p = b + -21. Calculate the greatest common divisor of 51 and p.
17
Let f(n) = 17*n**2 + n. Let x be f(-1). Suppose 0 = -0*g + 2*g - 6. Suppose w + 61 = 2*p, -w = -g*p + 46 + 47. Calculate the highest common divisor of p and x.
16
Let p be 15/(-10) + (-35)/(-10). Let d be ((-8)/(-6))/((-6)/(-9)). What is the highest common factor of p and d?
2
Suppose o - 17 = -3*d, -4*d + 0*o - 2*o = -22. Suppose 4*a - 475 = 3*a. Suppose 0 = n - d*n + a. Calculate the highest common factor of n and 19.
19
Let h = 45 - 22. Let m = h - 14. What is the highest common divisor of m and 3?
3
Suppose 3*u - 7 = -4, 5*f + 4*u = 14. Suppose f*s = -2*s + 8. Calculate the highest common divisor of s and 5.
1
Suppose -b - 3*b = -20. Suppose b*o + 30 = w, 3*w + o = 5*o + 35. What is the greatest common divisor of 55 and w?
5
Suppose 2*q - 8 = 3*q. Let l be 2 + 3*q/(-6). Calculate the greatest common divisor of 4 and l.
2
Suppose 4*t = -0*t + 8. Suppose 3 = 3*j - t*j. Suppose -2*r = n - 40, -j*r + r = -4*n + 140. What is the greatest common divisor of n and 4?
4
Let v be (-1 - 35)*((-40)/12 - -3). What is the highest common factor of v and 72?
12
Let o = -3 - -5. Let j = 1 + o. Suppose -103 - 107 = -j*y. Calculate the highest common factor of 10 and y.
10
Suppose 0 = 16*r - 5*r - 3773. Calculate the highest common factor of 49 and r.
49
Let s be -1 + 3 + -2 + -12. Let v be (3/(-2) + 2)*12. Let m be (-4)/s + 4/v. Calculate the greatest common divisor of m and 8.
1
Let x be (-12)/(-9)*6/4. Suppose 7*t = -4*f + 3*t + 28, x*f = 5*t. What is the highest common divisor of 30 and f?
5
Let k(o) = -2*o. Let w be k(-1). Let j be -1 + 14 + -2 + w. Let g be 2/5 + (-2139)/(-15). What is the greatest common factor of j and g?
13
Let t(g) = g + 2. Let k be t(3). Suppose 5*q + 4*i = 87, k*q - 67 = 2*i + 2. What is the highest common divisor of 10 and q?
5
Let s be 36/(-15)*10/(-4). Calculate the highest common divisor of s and 9.
3
Suppose -4*n = -g + 61, 4*g - 21 = -5*n + 139. What is the highest common factor of 5 and g?
5
Let y = 90 - 57. Suppose 0 = 5*h - 37 - y. Calculate the greatest common divisor of h and 42.
14
Suppose -4*d + 3*h + 22 = h, d = -4*h + 19. What is the highest common factor of d and 21?
7
Suppose 0 = 3*y + a - 18, 6*y - 2*a - 14 = 2*y. Let r = 8 - y. Let o(p) = -p**3 + p**2 + p + 24. Let b be o(0). Calculate the greatest common factor of r and b.
3
Let i = 6 + -8. Let l be (-2 - 6)*(1 + i). What is the highest common divisor of 16 and l?
8
Suppose -4*l - 16 = -i - 7*l, -3*l = -5*i + 26. What is the highest common divisor of 224 and i?
7
Suppose 2*p = -p + 432. Let y be (-1 - -14)*15/(-5). Let b = y + 57. What is the highest common factor of p and b?
18
Let c = 6 - -64. Suppose 40 = 5*i - i. What is the highest common factor of i and c?
10
Suppose 5*h - 10 = 10. Let n = h + -5. Let r be (n - 0)*-3 + 67. What is the highest common factor of r and 10?
10
Suppose -3*x + 0*x + 5612 = 5*q, -4*q - 5*x + 4487 = 0. Suppose -4*b + 5*h = -911, -2*h = -5*b - h + q. What is the highest common divisor of b and 28?
28
Let f(s) = -26*s + 4. Let z be f(-2). Let m = 18 - 11. Calculate the highest common divisor of z and m.
7
Suppose 35 = 4*g - 189. Suppose 2*c = -2*c + g. What is the highest common factor of 2 and c?
2
Let a be 1 + 8 - (-1 - 1). Suppose -4*r + n + a = 0, 0*r - n = 4*r - 5. Suppose -f = -r - 5. Calculate the highest common factor of 77 and f.
7
Let k(v) = v**2 - v + 1. Let w be k(-2). Let j = -549 - -550. Calculate the highest common factor of j and w.
1
Let d be (13 + -2 - 2) + 1. Let p(o) = -o**3 - 23*o**2 + 17*o - 58. Let f be p(-24). Calculate the greatest common factor of d and f.
10
Let k be -30*(3/(-6)*1 + 0). Let z(y) = -2*y**3 - 2*y**2 - 2*y - 2. Let v be z(-2). Let s be v*1*(-1)/(-1). What is the highest common divisor of s and k?
5
Suppose 5*f = 4*q - 110, -3*f - 54 = q - 3*q. Calculate the highest common divisor of q and 6.
6
Suppose -t = 2*n + 6, n + 2*n = 5*t - 22. Suppose t*b - 91 = 85. Calculate the greatest common factor of 11 and b.
11
Suppose -2*g = 2*g. Suppose g = v - u + 1, -v - 2*u = -9 - 5. Let r be -1 + v + -2 - -54. Calculate the highest common factor of 11 and r.
11
Suppose 8*x + 518 = 2694. What is the highest common factor of 16 and x?
16
Suppose -4 - 11 = -5*h. Suppose -5*k + 35 = h*b - 22, 5*k + 4*b - 56 = 0. Calculate the greatest common divisor of 36 and k.
12
Let w(j) = -15*j**2 + 3*j - 2. Let c be w(3). Let m = 190 + c. What is the greatest common divisor of 155 and m?
31
Let p be (3 - -1)*(-3 + 4). Let a be 6/p - 5/10. What is the greatest common factor of a and 7?
1
Suppose 143 = -5*l + 443. Suppose 5*y + z = 4*z + 30, 2*z + 24 = 4*y. What is the highest common divisor of y and l?
6
Let l(n) = -n + 2*n - 4*n - 1 - 2*n. Let c be l(-7). What is the greatest common factor of c and 51?
17
Suppose 0 = x + 5*s + 7, -2*s - 6 = s. Let t = 5 - x. Calculate the greatest common factor of t and 6.
2
Let a be 9 - (2 + (1 - 4)). Suppose -34 = -3*j - a. Let q be (-2 + j + 3)/1. Calculate the highest common factor of q and 81.
9
Let f be 3/(-2)*4/(-3). Let m be -1*(1 - 2)*113. Suppose -f*c = -97 - m. What is the highest common factor of 15 and c?
15
Let z = -3 - -6. Let m(o) = -3*o - 3. Let n be m(-12). What is the highest common factor of z and n?
3
Suppose 135 + 9 = 6*u. Calculate the greatest common factor of 18 and u.
6
Suppose 19 + 37 = 2*y. Let t(s) = -s**3 - 13*s**2 + 13*s - 7. Let h be t(-14). Calculate the greatest common divisor of y and h.
7
Let r be (16*-21)/(-2) - -1. Let i = r + 92. Calculate the greatest common divisor of i and 29.
29
Let g(s) = -s - 3. Let f be g(-7). Suppose 30 = t + f*t. Suppose -2*r - 32 = -t*r. Calculate the greatest common divisor of 32 and r.
8
Let l = 206 + -180. What is the greatest common factor of l and 39?
13
Let d(m) = -2*m + 4. Suppose -3*c - c - 12 = 0. Let i be d(c). Suppose 0 = 4*s + 4*a, -2*s = -3*a - 0*a - 25. Calculate the highest common divisor of s and i.
5
Let c = 9 + 5. Suppose 3*w - c = w + 4*a, -4*a - 24 = -4*w. What is the greatest common divisor of 5 and w?
5
Let b(y) = 2*y**2 - 2*y - 4. Let g be b(4). Let m = 13 - -7. Calculate the highest common divisor of g and m.
20
Let b be 183/6 - (-1)/(-2). Suppose -d = -3*d - 5*m + 81, d + 3*m = 42. Let n be d/6 - (-5)/10. What is the greatest common factor of b and n?
6
Suppose 3*t - 72 = -3*d, -2*t + 4*d = -5*t + 72. Let m be -1*(48/(-2))/2. Calculate the greatest common divisor of t and m.
12
Let q(w) = 24*w + 6. Let o be q(5). Calculate the highest common divisor of 18 and o.
18
Let v = 58 - 40. Calculate the highest common factor of v and 2.
2
Let h(w) = 2*w - 5. Let z be h(4). Suppose 3*k - 18 = -4*v, 2*k + k - z*v + 3 = 0. What is the greatest common factor of k and 4?
2
Let g = -149 + 169. Calculate the highest common divisor of g and 15.
5
Suppose 3*s - 1975 = 2*o, 845 = 3*s - o - 1131. Suppose -4*m + s = 51. Calculate the greatest common factor of m and 19.
19
Let b(f) = f**2 - f - 19. Let c be b(6). Suppose 0*r = 4*r - 44. What is the highest common factor of r and c?
11
Suppose 0*s = 4*s + 5480. Let k be (-5)/20 + s/(-8). Calculate the highest common factor of 19 and k.
19
Suppose 0 = q + 3*q - 608. What is the highest common factor of q and 19?
19
Suppose 3*z - 2 = -3*h + 1, -5*z + 17 = h. Let y = 0 + -11. Let r = 15 + y. What is the greatest common divisor of z and r?
4
Let s = 196 + -100. What is the greatest common divisor of s and 12?
12
Suppose 5*w + 3*g = 16, -5*w + 8 + 32 = -5*g. Suppose h + 153 = 3*q - 4*h, -w*q + 5*h = -265. What is the greatest common factor of q and 8?
8
Suppose i + 8*y = 3*y + 21, -84 = -4*i + 3*y. Calculate the highest common factor of i and 7.
7
Let s(j) = j**3 - 9*j**2 + 11*j + 4. Let b be s(8). Suppose r - 20 = 22. Calculate the greatest common factor of b and r.
14
Let u be (-8)/(-10)*(74 + -14). What is the highest common factor of u and 16?
16
Let u = 32 - 52. Let c be u/(-6) - (-4)/(-12). Suppose -5*a + l + 98 = 0, 7 = -2*a - c*l +